False
Suppose -5*p + 4*j + 592650 = -487449, 4*p = 5*j + 864072. Is p a prime number?
True
Let n(x) = 20597*x**2 - 66*x + 453. Is n(6) composite?
True
Let a = 13680 - 8402. Suppose 3*c + 12 = 0, n - a = -4*c + 4017. Is n prime?
True
Let k be (0*(-5 - -4))/(0 - 1). Suppose 2*b + b - 4*d - 1285 = 0, k = 3*b - 5*d - 1280. Let l = 1312 - b. Is l a composite number?
False
Let x(z) = -z**2 - 19*z - 30. Let b be x(-17). Let u be -4 + (-156)/(-2) + b. Let d = u - -173. Is d prime?
True
Suppose 3684*h = 3712*h - 486388. Is h prime?
False
Let k = 1086 + -1086. Let a be 0 + -1 + 0 - -592. Suppose k = 14*s - 711 - a. Is s prime?
False
Suppose -2086 = 4*v - 7134. Let a(n) = -108*n + 939. Let y be a(7). Suppose -4296 = -4*z - 4*k, 0 = z + 2*k + y - v. Is z a prime number?
True
Let u = -15 + 38. Suppose 0 = 26*o - u*o - 4191. Is o composite?
True
Suppose 8*g - 18 = 2*g. Is (g + (2 - 4))*(-9722)/(-2) a prime number?
True
Let p be -3*156/(-90) + (-1)/5. Let g(c) = 17*c**3 + 4*c**2 + 16*c - 1. Let o be g(p). Suppose 0*b = 2*b - i - o, -5*i + 3443 = 3*b. Is b a prime number?
True
Suppose -3*a = -v + 5*v - 234955, a - v - 78323 = 0. Is a a prime number?
False
Is 2/(20 + 215090136/(-10754508)) a composite number?
True
Suppose 4*c + 18*d = 14*d + 498956, 2 = -d. Is c a prime number?
False
Suppose 3*t - 17 = -v, 3*t - 5 = 4. Suppose v*n = 12*n + 1008. Let o = n + 665. Is o a composite number?
True
Let c be 2/(-6) - 184/(-12). Let f = -23 + c. Let y(g) = -30*g - 17. Is y(f) a composite number?
False
Let s(q) = 16 + 0*q**3 - 8*q + 12*q**2 + 2*q**2 - q**3. Let u be (-5)/((-90)/(-1188))*2/(-12). Is s(u) composite?
True
Let m(b) = -b**3 + 74*b**2 - 26*b - 370. Is m(49) prime?
False
Let t be (-759)/(-1) + (-4 + 3 - -2). Suppose 7*i = -t + 2146. Let n = 133 + i. Is n a composite number?
False
Let n(d) = -734*d - 14. Let q(b) = -2*b + 14. Let o be q(8). Let v be n(o). Suppose -2*m - x + 2933 = -0*m, 3*x = -m + v. Is m a composite number?
True
Is (0 - -3) + 136 + 617070 prime?
False
Suppose 0*r = 2*h - 4*r + 98, 2*r + 128 = -2*h. Let g = h + 59. Suppose n = -g*n - 2*o + 2791, -3*n + 8363 = o. Is n composite?
True
Let f be 1 - -1 - -32 - (-5 - -2). Let s = f + -26. Suppose 3*g - s*g = -6904. Is g a prime number?
True
Is (120/(-80))/((-42)/2205812) a prime number?
True
Let u = 44497 + -10076. Is u composite?
False
Suppose 0 = 6*z - 3*z + 12. Let t be ((-44)/(-11))/(z/(-30)). Is 11725/t + 2/12 prime?
False
Suppose 17*m - 16*m = 0. Suppose m = 10*n - 14*n + 45740. Is n a prime number?
False
Suppose v - 3*h = 1723, v - 1264 - 467 = 5*h. Suppose -p - 2*z + v = 0, -5*z = -4*p + 6946 - 37. Is p a composite number?
False
Suppose -24*a + 15*a + 256918 + 582827 = 0. Is a composite?
True
Let s = 64349 + 148596. Is s a prime number?
False
Suppose 299*o - 125*o - 150*o - 6238392 = 0. Is o a composite number?
False
Suppose 104*x - 4759674 = 52*x + 2738882. Is x composite?
False
Is (-132)/(-88) + (-11702)/(-4) prime?
True
Suppose -7706415 - 1333589 = -18*z - 942830. Is z prime?
False
Let y be (-3 - -2) + 7 + -2. Suppose -4*o + y*a + 7526 = 130, -o + 1869 = -5*a. Is (-2 + (-22)/(-8))*o prime?
False
Suppose 2379*y - 858537 = 2370*y. Is y composite?
False
Let j(p) = -114965*p - 4232. Is j(-11) prime?
True
Let u(c) = c**3 - 11*c**2 + c - 6. Let h be u(11). Let o be (1 - 80) + 5 + h + -11. Let b = 373 + o. Is b a composite number?
False
Suppose p = 2*k + 46655, 2*k + 38831 = -2*p + 132165. Is p prime?
True
Suppose -910352 = -32*o + 1705936. Is o prime?
False
Suppose a = 2*j + 2*a - 7, 5*a = 2*j + 11. Let l be ((-5)/(10/4))/(j/1117). Let n = 2110 + l. Is n composite?
True
Let i = -29154 + 77287. Is i composite?
True
Suppose 2*i - 61219 = -3*y + 644763, 0 = -4*i - 4*y + 1411964. Is i a prime number?
True
Suppose -269*x + d - 60670 = -271*x, 5*x + 4*d - 151669 = 0. Is x composite?
True
Let i(x) = -2282*x - 282. Let j be i(-6). Suppose -2*h + j = 28*h. Is h composite?
True
Let z(x) = x. Let f be z(4). Let s be 5 - (-3)/(-9)*0. Suppose -q = -s*g - 492 - 322, f*q = 3*g + 3341. Is q prime?
True
Let o(v) = 15305*v + 553. Is o(2) a prime number?
False
Let x = 5720 + 683. Is x prime?
False
Let x(l) = -l**3 + 19*l**2 + 19*l + 19. Let o be x(20). Let j = o - -1. Suppose 5*w = -5*h + 8*h - 2230, 3*h + w - 2236 = j. Is h a composite number?
True
Let d = 117 - 114. Is d/21 + -24428*6/(-84) a prime number?
False
Let v(q) = -q**2 - 6*q + 1. Let g be v(-5). Is 316/g*1230/20 a prime number?
False
Suppose -5*v - 68856 = -3*u + 16887, 57162 = 2*u - 5*v. Suppose 4*j - u = -3*j. Is j a composite number?
True
Suppose 4*m + 2*d - 118400 = 0, -22362 = -m + 5*d + 7271. Is m a composite number?
True
Is (1250/(-20))/25*(-620276)/10 composite?
False
Let x = 2408530 + -1586447. Is x prime?
False
Is 21890 + (31 - 12) + -10 a prime number?
False
Suppose -f = -z + 15, -3*z = 1 + 5. Let g(r) = -294*r + 91. Is g(f) a composite number?
True
Let b be (-1 - (-14)/10)/(3/(-90)). Let m(n) = n**3 - 12*n**2 + 4*n + 3. Let i(v) = -3*v**3 + 25*v**2 - 9*v - 7. Let u(q) = 2*i(q) + 5*m(q). Is u(b) prime?
False
Let n(c) be the first derivative of c**4/4 - c**3 + c**2/2 - 13*c - 20. Let r be n(4). Let i(p) = 36*p**2 + 10*p + 13. Is i(r) composite?
False
Suppose -d = 14*d + 1501131 - 14985846. Is d a prime number?
True
Let i = 68 - -31. Let y be ((-4)/9)/2 + 85162/i. Suppose -3*m + y = -259. Is m a prime number?
True
Let y(o) = -o**2 - 3*o + 17. Let q be y(0). Let p = q - 9. Suppose v + 5173 = p*v. Is v a composite number?
False
Let l = -298892 + 435858. Suppose -287865 - l = -11*i. Is i composite?
True
Let t(n) = -233*n - 10. Let x be t(-9). Suppose 4*g = 5*d + 2097, 3*d - x = -4*g - 2*d. Is g composite?
False
Let s(u) = -u**3 - 7*u**2 - 11*u - 6. Let z be s(-5). Let w(l) = -12760*l + 31. Is w(z) composite?
False
Let n = 1112 - -539. Is n prime?
False
Let r(y) = -630*y**3 - 4*y**2 + 4*y + 1. Let n = 34 + -37. Is r(n) composite?
False
Let i(x) = -28*x + 111*x + 43 - 8 - 12. Suppose -2*b + 2 = -a, -3*b = -4*b + 4. Is i(a) a composite number?
False
Let n = 111 + -108. Suppose -n*q - 401 = -h - 7*q, 1547 = 4*h - 3*q. Is h composite?
False
Let o = 197868 + -118829. Is o composite?
False
Suppose -13 = -4*u + 5*g, 4*u - 3 - 2 = -3*g. Suppose 3 = w - 0*w. Is (-1 - w) + u - -165 a composite number?
False
Suppose -2*l + l = 5*c - 382319, 0 = -3*l + 12. Is c a composite number?
False
Let z(s) = s**2 + 53. Let l be 6/33 - (8/44)/1. Is z(l) prime?
True
Let a(n) = n**3 + 9*n**2 + 12*n - 9. Let f be a(-7). Suppose 0 = -4*w + 9*p - 7*p + 3074, 3*w + f*p - 2312 = 0. Is w a composite number?
False
Let q(v) = 21*v**3 + 3*v**2 + 157*v - 71. Is q(18) composite?
False
Let w(r) = r**2 - 6*r - 8. Let b be w(8). Is (-15172)/b*(-4)/(6/3) a prime number?
True
Let j be (253/(-33) + -6)/(1/(-3)). Is (164/j)/(4/1438) a composite number?
True
Let o(a) = -5*a + 12. Let g be o(2). Is 1*(5 - (g - (-9764)/(-1))) a prime number?
True
Suppose 38*d + 40210 = 40*d + 2*j, 5*d - j = 100489. Is d prime?
False
Is 11/((-440)/9220620)*4/(-6) a composite number?
True
Suppose b = -0*b. Let i(d) = -d**3 - 10*d**2 + 3*d + 32. Let y be i(-10). Suppose -5*a = b, 3*a - 493 = -s + y*a. Is s prime?
False
Let p be (-1 + 30/40)/(1/(-4)). Is 468 - 3 - (-2 + (p - 3)) composite?
True
Suppose 6 = -5*s - 4, 3*a - 31873 = -4*s. Is a prime?
True
Let k = 54 - 54. Suppose k = -0*v - 4*v + 8. Is 2 - v*(-442)/4 prime?
True
Let p be ((-14)/(-44) - 4/(-22))*10. Suppose 4*z - 1560 = 4*m, -p*m + 956 = 3*z - 238. Suppose 5*q - 1889 = -4*n, 3*n = -q + 6*n + z. Is q prime?
False
Let r = -3793 - -9443. Let w = r + -3489. Is w a composite number?
False
Let m be 6 + 4 - 6 - -30867. Suppose 149765 + m = 12*g. Is g composite?
False
Suppose -5*s + 5*i = -21560, 5*i = 13*s - 12*s - 4300. Is s a composite number?
True
Suppose -40*j = 155*j - 16099005. Is j a prime number?
True
Let p be 1 + -5*(-3 + 4). Is p*((-1521)/4 - 4) a composite number?
True
Let o = -447 - -487. Is o/(-5) + 338870/14 a composite number?
False
Suppose -1691462 = -2*i + 4*s, 0 = i + 5*s - 848161 + 2479. Is i prime?
True
Let k(l) = 25061*l + 32. Is k(1) composite?
True
Suppose -4*p + 2*p = -z - 1064, -4*z - p - 4292 = 0. Let i be ((-3207)/(-4))/((-1)/(-4)). Is (-1)/(z/i + (-2)/(-6)) a composite number?
False
Let c(v) = -6*v**3 - 17*v**2 - 5*v + 1. Le